e
Is 1380 a factor of 1959562740?
True
Is 11016612 a multiple of 204?
True
Is 29455470 a multiple of 330?
True
Does 23 divide 6481439208?
False
Is 144452059 a multiple of 1289?
False
Is 4286 a factor of 1838213968?
True
Does 14 divide 811109698?
True
Does 23 divide 30420227?
False
Does 40 divide 996396200?
True
Is 39 a factor of 294367125?
True
Is 2565 a factor of 261365805?
True
Is 10 a factor of 2740910?
True
Does 50 divide 199444774?
False
Does 16 divide 43164615?
False
Is 30 a factor of 390494970?
True
Is 91143347 a multiple of 3510?
False
Is 8345278 a multiple of 4?
False
Is 136 a factor of 27398560?
True
Does 749 divide 329177529?
False
Is 252114162 a multiple of 9?
False
Is 2192 a factor of 283582628?
False
Is 155819115 a multiple of 20?
False
Does 20 divide 3847835?
False
Does 233 divide 424003156?
False
Does 12 divide 1072997208?
True
Is 114 a factor of 21916044?
True
Is 2071994015 a multiple of 427?
True
Is 571955930 a multiple of 6565?
True
Does 3 divide 1821978?
True
Does 694 divide 3040743247?
False
Is 1097 a factor of 16424284?
True
Is 3416094 a multiple of 71?
True
Is 102672675 a multiple of 285?
True
Does 1373 divide 692211437?
False
Does 430 divide 72588336?
False
Is 74 a factor of 4441568?
False
Is 97 a factor of 119345182?
False
Is 1047 a factor of 67048241?
False
Is 141413144 a multiple of 2306?
True
Is 15203696 a multiple of 16?
True
Is 412 a factor of 51389438?
False
Does 9 divide 9483188?
False
Is 13 a factor of 123908?
False
Does 5 divide 16735015?
True
Is 33833840 a multiple of 5?
True
Does 84 divide 131770734?
False
Is 1890039550 a multiple of 259?
True
Does 1155 divide 610436309?
False
Does 531 divide 4664822787?
True
Is 54 a factor of 29768796?
True
Is 5978798 a multiple of 7?
True
Does 1976 divide 68177250?
False
Is 271265480 a multiple of 2740?
True
Is 1933 a factor of 259284888?
True
Does 12194 divide 5825517316?
False
Is 419 a factor of 137083147?
False
Is 155 a factor of 286488516?
False
Is 68766340 a multiple of 1420?
True
Does 78 divide 1796262061?
False
Is 93 a factor of 3492836482?
False
Is 558471966 a multiple of 87?
True
Does 66 divide 329913489?
False
Is 430 a factor of 31159520?
True
Does 17 divide 146958628?
False
Does 1069 divide 3988229476?
True
Is 405169695 a multiple of 8505?
True
Is 257696670 a multiple of 22?
True
Does 5955 divide 70596525?
True
Is 187 a factor of 30404143?
True
Is 487 a factor of 1297796679?
False
Does 4 divide 7356063?
False
Is 111398664 a multiple of 39?
True
Does 12 divide 4060164?
True
Is 49071748 a multiple of 35?
False
Is 5 a factor of 25702699?
False
Is 22783896 a multiple of 72?
True
Is 1790 a factor of 13285235?
False
Is 273 a factor of 938645253?
True
Does 154 divide 446093956?
True
Is 838 a factor of 68268508?
True
Is 23 a factor of 779583183?
True
Is 855 a factor of 39047042?
False
Is 1620049284 a multiple of 4085?
False
Is 157812216 a multiple of 2792?
True
Does 39 divide 8112546?
True
Is 87 a factor of 1002024877?
False
Does 2429 divide 581195692?
False
Is 6537398 a multiple of 14?
True
Does 2479 divide 994593563?
False
Is 456 a factor of 100014885?
False
Is 4136040 a multiple of 180?
True
Is 13104 a factor of 5120903810?
False
Does 14 divide 39256789?
False
Is 3 a factor of 17451827?
False
Is 23 a factor of 28089371?
True
Is 244 a factor of 182605696?
True
Does 1447 divide 258299658?
False
Is 196204006 a multiple of 39?
False
Is 97 a factor of 224412313?
True
Is 122 a factor of 2362662614?
True
Does 2558 divide 366508157?
False
Does 6 divide 12330834?
True
Is 71032303 a multiple of 4?
False
Does 8 divide 4846920?
True
Is 23 a factor of 12701543?
True
Is 343 a factor of 272397559?
False
Is 9255 a factor of 1298779105?
False
Is 23 a factor of 90640447?
True
Does 28 divide 6835069024?
True
Is 82 a factor of 6117282?
True
Is 182893137 a multiple of 151?
False
Is 61 a factor of 45312111?
False
Does 352 divide 1026060070?
False
Does 6 divide 10793835?
False
Is 25 a factor of 892781?
False
Does 33 divide 130476126?
True
Is 4 a factor of 331526369?
False
Is 61548101 a multiple of 81?
False
Is 95 a factor of 7037315?
True
Is 4364544 a multiple of 24?
True
Does 1627 divide 173635067?
True
Is 44 a factor of 20389664?
False
Is 90363763 a multiple of 17?
False
Does 181 divide 183217069?
True
Is 7 a factor of 35462840?
True
Is 3436971994 a multiple of 56?
False
Does 45 divide 124132365?
True
Is 508 a factor of 564576976?
True
Does 742 divide 3049112?
False
Does 138 divide 18726186?
True
Is 393510348 a multiple of 66?
True
Is 13 a factor of 14074628?
False
Does 592 divide 4414899200?
True
Is 128615348 a multiple of 116?
True
Is 5751174060 a multiple of 18?
True
Does 59 divide 86368212?
True
Does 622 divide 26521458?
True
Is 757585120 a multiple of 160?
True
Is 1562 a factor of 9856220?
True
Is 16 a factor of 87147680?
True
Is 1221896665 a multiple of 11?
True
Is 2668 a factor of 372341185?
False
Does 2 divide 1071738?
True
Is 185432998 even?
True
Is 172163411 a multiple of 82?
False
Does 9 divide 137905607?
False
Is 70 a factor of 162364687?
False
Is 94120278 a multiple of 82?
False
Is 28594901 a multiple of 307?
True
Is 85964920 a multiple of 167?
True
Is 1375037433 a multiple of 33?
True
Is 10539600 even?
True
Is 154 a factor of 100555620?
False
Is 109807200 a multiple of 15?
True
Does 374 divide 13526168?
False
Is 3 a factor of 11224836?
True
Does 18 divide 828803196?
True
Does 2603 divide 335646438?
True
Is 24 a factor of 17601312?
True
Is 378718764 a multiple of 7?
False
Is 20 a factor of 924062?
False
Does 62 divide 481359230?
False
Does 159 divide 188293996?
False
Is 2 a factor of 27391590?
True
Does 14 divide 1571350788?
True
Does 99 divide 977321961?
True
Is 581 a factor of 232695977?
False
Is 72 a factor of 13556091?
False
Does 35 divide 75098135?
True
Does 134 divide 1040767?
False
Is 135523185 a multiple of 3?
True
Is 43 a factor of 850596975?
True
Is 285921636 a multiple of 39?
True
Is 772 a factor of 2468854456?
True
Does 46 divide 6912512?
True
Is 82 a factor of 1154642982?
False
Does 49 divide 131040161?
True
Is 14715808 a multiple of 1594?
True
Is 582777784 a multiple of 304?
False
Does 1260 divide 58998210?
False
Does 127 divide 299123481?
True
Is 174 a factor of 2565368478?
True
Does 596 divide 14998340?
True
Does 1067 divide 149963933?
False
Is 20 a factor of 35811800?
True
Does 25 divide 410709214?
False
Is 11 a factor of 146770393?
True
Does 69 divide 34525599?
True
Is 59840457 a multiple of 8?
False
Is 696476160 a multiple of 3420?
True
Is 2578 a factor of 64001428?
True
Does 19 divide 673095952?
False
Does 17 divide 1338843058?
True
Is 483271264 a multiple of 32?
True
Is 373 a factor of 719628900?
True
Does 11 divide 958641226?
False
Is 6725755 a multiple of 175?
False
Does 432 divide 19064099?
False
Does 53 divide 120416?
True
Is 368139239 a multiple of 6700?
False
Does 7 divide 129998616?
False
Does 690 divide 16145310?
True
Is 2 a factor of 586920?
True
Is 169752765 a multiple of 91?
True
Does 1385 divide 1751125928?
False
Is 190344712 a multiple of 8?
True
Is 54488374 a multiple of 1303?
False
Is 687 a factor of 9569223?
True
Does 185 divide 2570785715?
True
Is 101 a factor of 8395068?
False
Is 48 a factor of 10161404?
False
Is 210 a factor of 513293760?
True
Is 168 a factor of 1526210293?
False
Does 11 divide 75150878?
True
Is 3940126682 a multiple of 3531?
False
Is 532014250 a multiple of 1550?
True
Does 257 divide 1445111?
True
Does 665 divide 28792367?
False
Does 66 divide 391411812?
True
Is 9 a factor of 92511?
True
Is 321 a factor of 1775886918?
True
Does 18 divide 2532007388?
False
Is 2173686130 a multiple of 170?
True
Is 145823286 a multiple of 42?
True
Does 95 divide 25293545?
False
Does 487 divide 383239780?
True
Is 1366 a factor of 38131992?
False
Does 15 divide 37875975?
True
Is 1112363 a multiple of 7?
True
Does 14 divide 729119214?
False
Does 3 divide 1409956058?
False
Is 6 a factor of 257321430?
True
Is 53486648 a multiple of 1816?
True
Does 259 divide 328057429?
True
Is 106240065 a multiple of 10?
False
Is 35 a factor of 9148346?
False
Does 86 divide 1173014650?
False
Is 95473614 a multiple of 31?
True
Is 15459825 a multiple of 19?
True
Is 180 a factor of 2345618395?
False
Is 24 a factor of 711247895?
False
Is 23 a factor of 60922